f 200 and 306600.
200
What is the highest common divisor of 4 and 109124?
4
Calculate the greatest common factor of 5746 and 6970.
34
What is the highest common divisor of 162 and 34560?
54
Calculate the highest common factor of 20 and 9933960.
20
Calculate the highest common factor of 10 and 180770.
10
What is the greatest common factor of 2016 and 1872?
144
What is the greatest common divisor of 1163600 and 48?
16
What is the highest common divisor of 66 and 14998?
2
What is the highest common factor of 1751 and 527?
17
Calculate the highest common divisor of 1540 and 111980.
220
What is the highest common factor of 70 and 199590?
10
Calculate the greatest common factor of 240 and 990960.
240
What is the greatest common divisor of 91 and 23387?
91
Calculate the highest common factor of 618 and 151101.
309
What is the highest common factor of 1507 and 9864?
137
What is the greatest common divisor of 564 and 274668?
564
What is the highest common divisor of 6996899 and 299?
299
Calculate the highest common factor of 333 and 21423.
111
What is the greatest common divisor of 3685 and 587389?
737
Calculate the greatest common divisor of 244 and 163602.
122
Calculate the highest common divisor of 2445 and 4245.
15
What is the greatest common divisor of 131788 and 329?
47
Calculate the highest common factor of 342 and 2273844.
114
Calculate the greatest common divisor of 198364 and 4419.
491
What is the greatest common factor of 1121 and 8555?
59
What is the greatest common factor of 590 and 32610?
10
Calculate the greatest common factor of 1008 and 6608.
112
What is the highest common divisor of 5430 and 645?
15
What is the greatest common divisor of 185560 and 4?
4
Calculate the greatest common factor of 35546 and 14.
14
Calculate the greatest common divisor of 858 and 460174.
286
Calculate the highest common divisor of 243201 and 42.
21
What is the greatest common divisor of 4355 and 1675?
335
Calculate the highest common divisor of 369 and 3546.
9
Calculate the highest common divisor of 102 and 372470.
34
Calculate the highest common factor of 21924 and 5544.
252
What is the highest common factor of 66473 and 22?
11
Calculate the greatest common divisor of 43180 and 340.
340
What is the greatest common divisor of 255 and 134538?
51
Calculate the greatest common divisor of 101424 and 720.
48
What is the greatest common divisor of 14582 and 1472?
46
Calculate the highest common divisor of 132 and 7116.
12
Calculate the greatest common divisor of 43419 and 2337.
123
What is the greatest common factor of 9 and 37899?
9
What is the greatest common factor of 59595 and 2436?
87
Calculate the highest common factor of 4265 and 625.
5
Calculate the highest common factor of 300 and 180300.
300
What is the highest common divisor of 3840 and 2190?
30
Calculate the greatest common divisor of 111588 and 24.
12
Calculate the greatest common factor of 6460 and 15010.
190
Calculate the highest common divisor of 1609911 and 72.
9
Calculate the greatest common divisor of 1870 and 1003255.
935
What is the greatest common divisor of 15908 and 35588?
164
Calculate the highest common divisor of 864 and 71631.
27
Calculate the greatest common factor of 36509 and 11.
11
What is the highest common factor of 9 and 423?
9
What is the greatest common factor of 6768 and 12348?
36
Calculate the highest common divisor of 259808 and 80.
16
Calculate the highest common factor of 335712 and 8892.
156
Calculate the greatest common factor of 29720 and 50.
10
Calculate the greatest common factor of 270 and 141534.
54
What is the highest common divisor of 3046 and 40?
2
What is the greatest common factor of 2402 and 534445?
1201
What is the greatest common factor of 60 and 654?
6
What is the greatest common factor of 838470 and 120?
30
What is the greatest common factor of 18 and 987624?
18
What is the highest common factor of 3894 and 1122?
66
What is the highest common divisor of 536 and 1742?
134
What is the greatest common divisor of 85310 and 38?
38
What is the greatest common divisor of 28067 and 119?
17
Calculate the highest common divisor of 1 and 6991.
1
Calculate the highest common divisor of 594 and 2013.
33
Calculate the greatest common factor of 1224 and 1695240.
1224
What is the highest common divisor of 14846 and 18564?
26
Calculate the greatest common factor of 168 and 2385138.
42
What is the greatest common factor of 63 and 1826811?
63
What is the greatest common divisor of 1449928 and 152?
152
Calculate the highest common divisor of 729 and 675.
27
Calculate the greatest common factor of 84488 and 472.
472
Calculate the greatest common factor of 12 and 57972.
12
What is the highest common divisor of 52 and 1937?
13
What is the greatest common divisor of 493 and 14603?
17
Calculate the greatest common factor of 2646 and 5886.
54
Calculate the greatest common divisor of 318461 and 252824.
2431
What is the greatest common factor of 152 and 2592?
8
What is the greatest common factor of 329 and 130895?
47
Calculate the highest common divisor of 1032 and 14190.
258
What is the highest common divisor of 42294 and 1272?
318
Calculate the greatest common factor of 1204 and 8643.
43
Calculate the greatest common divisor of 301 and 1435.
7
What is the highest common factor of 4638 and 101263?
773
Calculate the greatest common factor of 2084576 and 416.
416
What is the highest common factor of 1275 and 400?
25
Calculate the highest common divisor of 3750 and 1176.
6
What is the greatest common divisor of 1347000 and 2400?
600
What is the greatest common factor of 785 and 27789?
157
What is the greatest common divisor of 1955 and 153?
17
What is the greatest common divisor of 58817 and 869?
11
Calculate the highest common factor of 17088 and 704.
64
Calculate the greatest common divisor of 1356466 and 443.
443
Calculate the highest common factor of 525 and 71295.
105
What is the highest common divisor of 16 and 3148624?
16
Calculate the greatest common divisor of 1876 and 3346.
14
Calculate the highest common factor of 423 and 376.
47
What is the greatest common factor of 1146412 and 34?
34
Calculate the greatest common factor of 3192 and 39.
3
What is the greatest common divisor of 143 and 240471?
11
Calculate the highest common factor of 43548 and 29223.
573
What is the greatest common factor of 1438588 and 1448?
724
Calculate the highest common factor of 325 and 58175.
325
What is the greatest common factor of 80 and 47240?
40
What is the highest common divisor of 4350 and 6550?
50
What is the greatest common factor of 44252 and 12025?
481
What is the highest common divisor of 737 and 22?
11
Calculate the highest common factor of 8336 and 48.
16
What is the greatest common factor of 5520 and 759460?
460
What is the greatest common divisor of 20 and 53260?
20
Calculate the greatest common divisor of 160 and 440.
40
What is the highest common factor of 1139660 and 70?
10
What is the highest common factor of 178 and 3806441?
89
What is the highest common factor of 2431 and 8415?
187
Calculate the greatest common divisor of 281444 and 284.
284
Calculate the greatest common factor of 2400 and 104320.
160
What is the greatest common factor of 66 and 191246?
22
Calculate the highest common factor of 238 and 6342.
14
Calculate the highest common factor of 265316 and 76.
76
What is the highest common divisor of 68384 and 928?
32
Calculate the greatest common factor of 1093652 and 139.
139
What is the greatest common factor of 760 and 43680?
40
Calculate the greatest common divisor of 220 and 31757.
11
Calculate the greatest common factor of 112118 and 366.
122
What is the highest common factor of 183172 and 220?
44
Calculate the highest common factor of 96 and 2457096.
24
Calculate the highest common factor of 59076 and 24.
12
Calculate the greatest common factor of 31968 and 989676.
1332
Calculate the highest common divisor of 1977 and 33.
3
Calculate the highest common divisor of 2599 and 828.
23
What is the highest common divisor of 2727 and 48168?
27
Calculate the highest common divisor of 273 and 57486.
39
What is the highest common divisor of 8 and 1674136?
8
What is the greatest common factor of 93516 and 720?
12
What is the highest common divisor of 1006 and 15483346?
100